What is the greatest common divisor of 99 and d?
11
Suppose -5*z + 136 = -3*z + 4*f, -z + f = -65. What is the highest common divisor of z and 22?
22
Suppose -21 = -5*p + 39. Suppose -86 = -4*u + 86. Let k = u - 25. What is the highest common divisor of k and p?
6
Let k(j) = -2*j - 4. Let p be k(-4). Suppose 0 = -5*i + 25, 2*h - 3 = -3*i + p*i. What is the highest common factor of 44 and h?
4
Suppose -n = 3*n - 316. Let b be (n + -2)/(-1)*-2. What is the highest common factor of b and 14?
14
Let g(y) = -6*y + 1. Let t = 3 + -5. Let z be g(t). Let s be 26/5*(-10)/(-4). What is the highest common divisor of z and s?
13
Suppose 5*d = -4 + 14. Suppose 0 = d*q + 4, 0*p - 4*p + 2*q = -24. Suppose p*j - 11 - 19 = 0. What is the greatest common divisor of 48 and j?
6
Let s = 26 + -13. Let p be 6/(-4)*260/(-15). Suppose -k - p = -3*k. What is the greatest common divisor of s and k?
13
Let q = 11 - 7. Suppose 5*t + 6 + 7 = 4*u, t + u = 1. Let s(f) = -31*f**3 - 2*f - 1. Let x be s(t). What is the highest common divisor of x and q?
4
Suppose 4 = 4*y - 0. Let x be (4 - 5)*y*-49. Suppose 3*b + g - 19 = -0*b, -3*b + 3*g = -27. What is the highest common factor of x and b?
7
Let c = -52 + 65. What is the highest common factor of 65 and c?
13
Let w(s) = s**3 - 13*s**2 + 13*s + 9. Let t be w(12). What is the highest common factor of 3 and t?
3
Let n(h) = -21*h - 6. Let b(d) = -14*d - 4. Let c(m) = -7*b(m) + 5*n(m). Let y be c(-2). What is the greatest common factor of 132 and y?
12
Let m(d) = d**2 - 5*d - 1. Let f be m(8). Suppose 0 = -4*r + f + 29. Calculate the greatest common divisor of r and 52.
13
Suppose 0*u + 355 = 5*u. Let b(h) = -h**3 - 3*h**2 + h - 6. Let r be b(-5). Let j = u - r. Calculate the highest common divisor of j and 8.
8
Suppose -2*o + 100 + 4 = 0. Calculate the highest common factor of o and 13.
13
Let y be 2/(((-30)/(-87))/5). Calculate the greatest common factor of 319 and y.
29
Let b be (1 + 11)*1/2. Let h(w) = -w + 12. Let x be h(-10). Let f be 392/22 - (-4)/x. What is the greatest common divisor of f and b?
6
Suppose -11*h + 14 = -4*h. What is the greatest common factor of 26 and h?
2
Let m = 23 + -7. Calculate the highest common factor of 2 and m.
2
Let i = 8 + 19. Let z = 45 - i. Suppose -6*n + 3*n + 24 = 3*j, 3*n + j - 32 = 0. What is the highest common divisor of n and z?
6
Let n(b) = 16*b + 2. Let k be n(1). What is the greatest common divisor of 144 and k?
18
Suppose 5*x + 12 = -2*j, -x - 8 = 3*j - 3. Let a be j/(-3) + 2933/21. Calculate the highest common divisor of 20 and a.
20
Let p(x) = -x**2 - 7*x - 4. Suppose -25 = 5*s - 10. Let w be p(s). What is the greatest common divisor of w and 88?
8
Suppose -r - 1 = 5*a - 12, -5*r + 195 = -3*a. Suppose 3*n + 3 = r. Calculate the greatest common divisor of 88 and n.
11
Let k = 5 + 0. Suppose k*y = 3*r + 54, -5*r = -5*y + 19 + 31. What is the greatest common divisor of 4 and y?
4
Let c = -7 + 11. Suppose 7 - 3 = c*d. Suppose 0 = 5*n + g - 66, -4*g - 43 - d = -2*n. What is the greatest common factor of 56 and n?
14
Suppose -10 = -5*y + 4*y. Let q = y + -6. What is the highest common divisor of q and 28?
4
Let r be -1 + (0 - 1*-17). Let a(u) = 5 - 8 + 2*u**2 - 4*u - 3*u. Let m be a(-7). What is the highest common factor of r and m?
16
Suppose 6*k - 24 = 2*k. Let m be (13 + -5 + 1)/1. Calculate the highest common divisor of k and m.
3
Let y = -1 - -2. Suppose -q - 16 = -y. Let f = 22 + q. Calculate the highest common factor of f and 1.
1
Suppose 73 = -3*f + 211. Suppose 156 = 5*p + f. What is the greatest common factor of 11 and p?
11
Let h = 13 - 3. Calculate the highest common factor of 4 and h.
2
Suppose 8 = 3*g + s, 2*g + 3*s + 0 = -4. Let z be (16/5)/(g/70). Calculate the highest common divisor of z and 7.
7
Suppose -u + 2 = -0. Let n = u - -1. Suppose 0 = h - n*h + 14. What is the highest common factor of 1 and h?
1
Suppose 5*f = 136 + 104. Suppose -4*q = 53 - 1. Let h be -2 - (q - (0 + 1)). What is the highest common factor of h and f?
12
Let l(h) = 2*h**3 + 2*h**2 - 3*h + 6. Let c be l(6). Let o = c - 339. Calculate the greatest common divisor of 17 and o.
17
Suppose 3*m - 124 = 4*o, 0*m - 3*o = 5*m - 197. Calculate the highest common divisor of 16 and m.
8
Suppose -3*f + 8*f = -60. Let g be (-2)/3 + 4/f. Let j = 11 + g. Calculate the greatest common divisor of j and 10.
10
Suppose -2*p - 5*s + 52 = 0, -2*s - 2*s - 160 = -4*p. Let g be p/(-14)*(-70)/15. Calculate the highest common factor of 108 and g.
12
Let y(p) = 6*p**2 + 3*p - 3. Let o be y(3). What is the highest common factor of o and 15?
15
Suppose -3*i = -4*m - 26, 3*i + 2*m - 10 = -2*m. Calculate the highest common divisor of 12 and i.
6
Let p = 1 + 0. Let b = 54 - 33. Suppose 0*u - 3*u + b = 0. Calculate the greatest common divisor of p and u.
1
Let b = -18 - -3. Let i = b + 25. What is the greatest common divisor of 5 and i?
5
Let s(h) be the first derivative of -1/2*h**2 + 2 + 0*h + 6*h**3. Let k be s(1). What is the greatest common factor of k and 187?
17
Suppose 2*f - 2*j + j = 15, 0 = 3*f + j - 10. What is the greatest common factor of f and 15?
5
Suppose 0 = 5*r - 34 + 14. Let n be 2/12 - 236/(-24). Calculate the highest common factor of r and n.
2
Suppose -5*k + 5*v - 25 = -85, 2*k + 11 = -5*v. Suppose 86 - 426 = -5*w + 5*g, -w + 5*g + 88 = 0. Calculate the greatest common factor of k and w.
7
Let c(u) = 4*u - 1. Let n be c(1). Suppose -l + 3*j - 18 = -4*l, -n*l - 5*j = -12. Calculate the greatest common divisor of l and 9.
9
Suppose -67 = -2*z + 3. Let w = 49 - z. Let n = 113 + -1. What is the highest common factor of w and n?
14
Let j be ((-1)/3)/((-9)/405). What is the greatest common factor of 30 and j?
15
Let c = -4 + 9. Let l be 3 - (0/2 - 1). Suppose 2*x - 299 = c*v, -v + l = 3. What is the greatest common divisor of 19 and x?
19
Suppose -106 = -5*j + 29. Calculate the highest common factor of j and 108.
27
Suppose o = 4*o - 57. Suppose 2*u - o = -3. Suppose -m + 1 = -0. Calculate the highest common divisor of u and m.
1
Suppose 10*v = 5*v + 40. Let m be (-3)/((-18)/16)*12. What is the greatest common factor of m and v?
8
Let x = 370 + -49. Let f = -71 + x. Suppose f = 4*h - 142. Calculate the greatest common divisor of 14 and h.
14
Let k be -1*(3 + 36/(-4)). Let m be 4/k*105/14. Calculate the highest common divisor of m and 5.
5
Let x = 57 + -34. Calculate the highest common divisor of 161 and x.
23
Suppose 0 = 2*x + 4*o - 32, -5*o + 13 + 12 = 0. Suppose -3*r + 79 = 7. Calculate the greatest common factor of r and x.
6
Let i = -16 - -27. What is the highest common factor of 11 and i?
11
Suppose -3*x + 2*r = -37, -4*x + 6*r - r + 54 = 0. Suppose 2*w = 6, -614 = -5*c - 5*w + 2*w. Calculate the greatest common divisor of c and x.
11
Let q(s) = -4*s**2 - 9*s + 16. Let d(b) = -9*b**2 - 18*b + 33. Let a(z) = -3*d(z) + 7*q(z). Let v be a(-10). Calculate the greatest common divisor of v and 12.
3
Suppose 3*a = -r - 3*r + 87, 5*a - 47 = -2*r. Let o = r + -15. What is the greatest common divisor of o and 6?
6
Let o = -396 + 561. What is the greatest common factor of 15 and o?
15
Let t be (-4 + 2)/((-5)/10). Let n be (-3)/t + 2619/36. Calculate the greatest common factor of n and 8.
8
Suppose i = 2*g + 2, 0 = 2*i - 3*i + 3*g + 1. Suppose -2*b + 100 = -b - 5*w, i*b + 4*w = 352. What is the greatest common divisor of b and 15?
15
Let w(g) = -g**2 + 3*g + 4. Let s be w(0). What is the highest common divisor of 44 and s?
4
Let r(o) be the first derivative of o**4/4 + 8*o**3/3 + o**2/2 - 2*o + 5. Let g be r(-7). What is the highest common factor of 10 and g?
10
Let o = -188 + 284. What is the greatest common factor of 64 and o?
32
Let i = 20 + -10. Let f(m) = -6*m + 4. Let x(v) = v**2 - 12*v + 7. Let p(z) = -5*f(z) + 2*x(z). Let a be p(-6). Calculate the highest common divisor of i and a.
10
Let i(l) = -6*l - 2. Let d be i(-2). Calculate the greatest common factor of 80 and d.
10
Suppose -j - 3*j = -2848. Let k(x) = x**2 + 2*x - 4. Let t be k(4). Let q be (-4)/(-10) + j/t. What is the highest common divisor of q and 24?
12
Let o = 0 + 0. Let i = -33 + 35. Suppose o = -3*d + i*z + 106, 2*z = 5*d + 5*z - 183. Calculate the highest common factor of 18 and d.
18
Suppose 2*i - 411 = 2*v + 473, 3*i = -5*v - 2194. Let z be